ousands digit of 6918489253?
8
What is the millions digit of 692995834?
2
What is the thousands digit of 264709794?
9
What is the ten thousands digit of 19581768?
8
What is the tens digit of 201210749?
4
What is the ten millions digit of 13613399?
1
What is the thousands digit of 690628816?
8
What is the ten millions digit of 53148137?
5
What is the thousands digit of 54666912?
6
What is the units digit of 333250619?
9
What is the ten thousands digit of 52197686?
9
What is the hundred thousands digit of 38766047?
7
What is the hundred thousands digit of 423585640?
5
What is the hundred thousands digit of 1367125432?
1
What is the hundred thousands digit of 876530815?
5
What is the units digit of 43317150?
0
What is the hundred millions digit of 384261983?
3
What is the millions digit of 164105529?
4
What is the millions digit of 170628095?
0
What is the thousands digit of 187643181?
3
What is the hundreds digit of 181311920?
9
What is the units digit of 31434320?
0
What is the thousands digit of 705237341?
7
What is the units digit of 285746519?
9
What is the ten millions digit of 1387451255?
8
What is the hundred millions digit of 943784100?
9
What is the ten millions digit of 2176583161?
7
What is the ten thousands digit of 136675296?
7
What is the hundred thousands digit of 3903530578?
5
What is the ten thousands digit of 49986512?
8
What is the hundred thousands digit of 2320369969?
3
What is the units digit of 81491113?
3
What is the hundred thousands digit of 56547131?
5
What is the billions digit of 1152367157?
1
What is the tens digit of 835397244?
4
What is the tens digit of 2395487260?
6
What is the tens digit of 755399561?
6
What is the hundreds digit of 5528048102?
1
What is the ten millions digit of 152785471?
5
What is the hundred thousands digit of 37485414?
4
What is the hundred millions digit of 120998626?
1
What is the ten millions digit of 3045895880?
4
What is the millions digit of 28809493?
8
What is the hundreds digit of 1866875887?
8
What is the hundreds digit of 289235189?
1
What is the ten thousands digit of 4094406?
9
What is the ten thousands digit of 3482508921?
0
What is the millions digit of 255624349?
5
What is the ten millions digit of 44122610?
4
What is the ten thousands digit of 170882757?
8
What is the hundred millions digit of 277217653?
2
What is the hundred thousands digit of 135888794?
8
What is the billions digit of 1851052182?
1
What is the millions digit of 33984758?
3
What is the tens digit of 87773692?
9
What is the thousands digit of 6946672097?
2
What is the ten millions digit of 54983967?
5
What is the thousands digit of 69151864?
1
What is the hundreds digit of 949369750?
7
What is the ten thousands digit of 153260539?
6
What is the hundreds digit of 423996027?
0
What is the ten thousands digit of 160893233?
9
What is the ten millions digit of 2388666307?
8
What is the units digit of 11976891?
1
What is the thousands digit of 4544816452?
6
What is the ten thousands digit of 90479746?
7
What is the ten thousands digit of 17834913?
3
What is the hundred millions digit of 487346532?
4
What is the hundreds digit of 56276328?
3
What is the hundred millions digit of 749084559?
7
What is the ten millions digit of 1919035761?
1
What is the tens digit of 55369107?
0
What is the millions digit of 464939075?
4
What is the millions digit of 2783798768?
3
What is the thousands digit of 4391120791?
0
What is the hundred millions digit of 502862327?
5
What is the thousands digit of 77416965?
6
What is the units digit of 3261745256?
6
What is the hundreds digit of 29758513?
5
What is the thousands digit of 221938177?
8
What is the thousands digit of 157634782?
4
What is the ten millions digit of 552056669?
5
What is the units digit of 374336069?
9
What is the units digit of 308615555?
5
What is the tens digit of 197473927?
2
What is the tens digit of 1884935002?
0
What is the millions digit of 205516253?
5
What is the hundreds digit of 276516801?
8
What is the ten thousands digit of 772184299?
8
What is the hundred millions digit of 1135033355?
1
What is the hundred thousands digit of 4024838094?
8
What is the hundred millions digit of 2363969936?
3
What is the hundred millions digit of 989519001?
9
What is the hundred millions digit of 385318866?
3
What is the units digit of 485102267?
7
What is the units digit of 266345396?
6
What is the hundreds digit of 1252825185?
1
What is the millions digit of 82809787?
2
What is the thousands digit of 87678738?
8
What is the hundred thousands digit of 5397215346?
2
What is the thousands digit of 206305515?
5
What is the billions digit of 2494001998?
2
What is the units digit of 90352935?
5
What is the tens digit of 3363325351?
5
What is the ten millions digit of 1314956113?
1
What is the hundred millions digit of 127048595?
1
What is the units digit of 211767938?
8
What is the hundred thousands digit of 6705586443?
5
What is the thousands digit of 2749397?
9
What is the tens digit of 333310677?
7
What is the hundreds digit of 1304801953?
9
What is the thousands digit of 1194736476?
6
What is the millions digit of 2746080?
2
What is the hundreds digit of 3967799675?
6
What is the ten millions digit of 172121070?
7
What is the thousands digit of 165402216?
2
What is the hundred millions digit of 584441247?
5
What is the millions digit of 446837434?
6
What is the units digit of 175920536?
6
What is the thousands digit of 431729775?
9
What is the hundred thousands digit of 66798756?
7
What is the units digit of 3582533040?
0
What is the millions digit of 215449812?
5
What is the ten millions digit of 99171707?
9
What is the ten millions digit of 8302207274?
0
What is the units digit of 5823721141?
1
What is the units digit of 64974161?
1
What is the ten millions digit of 55054928?
5
What is the tens digit of 1639094295?
9
What is the units digit of 2294390724?
4
What is the tens digit of 9411351?
5
What is the millions digit of 29109180?
9
What is the tens digit of 6647949674?
7
What is the hundreds digit of 1612033119?
1
What is the millions digit of 279968527?
9
What is the hundred thousands digit of 61416213?
4
What is the units digit of 28260642?
2
What is the hundred millions digit of 712099224?
7
What is the hundreds digit of 539648741?
7
What is the ten thousands digit of 17892788?
9
What is the ten millions digit of 98569475?
9
What is the hundreds digit of 4131648919?
9
What is the thousands digit of 92001486?
1
What is the hundred thousands digit of 6384377994?
3
What is the billions digit of 2112899748?
2
What is the tens digit of 2315573078?
7
What is the hundred millions digit of 1533731104?
5
What is the ten thousands digit of 24632846?
3
What is the ten thousands digit of 945412215?
1
What is the millions digit of 552811215?
2
What is the ten thousands digit of 2841532921?
3
What is the units digit of 38177363?
3
What is the billions digit of 2234823505?
2
What is the hundreds digit of 2476933547?
5
What is the millions digit of 60237737?
0
What is the hundred millions digit of 375412023?
3
What is the hundred millions digit of 233828209?
2
What is the hundred thousands digit of 1771197823?
1
What is the ten millions digit of 4692399247?
9
What is the thousands digit of 827472395?
2
What is the millions digit of 109049472?
9
What is the hundred thousands digit of 124376428?
3
What is the millions digit of 127345937?
7
What is the units digit of 701478483?
3
What is the millions digit of 910260216?
0
What is the billions digit of 2310867160?
2
What is the tens digit of 134422719?
1
What is the units digit of 110800490?
0
What is the hundred millions digit of 1186010354?
1
What is the hundred millions digit of 119962260?
1
What is the tens digit of 72215240?
4
What is the tens digit of 1285344312?
1
What is the hundreds digit of 3022106?
1
What is the thousands digit of 5519713984?
3
What is the billions digit of 1252519835?
1
What is the ten millions digit of 24583733?
2
What is the hundred millions digit of 144684239?
1
What is the hundred millions digit of 2146018110?
1
What is the hundred millions digit of 1594245007?
5
What is the hundreds digit of 120559787?
7
What is the millions digit of 755153927?
5
What is the millions digit of 23706400?
3
What i